et q = -5 - -8. Let w be 6*2*q/(-4). List the prime factors of i(w).
2
What are the prime factors of (-1)/(((-55494)/(-2056))/9 + -3)?
2, 257
Let f be (-6)/4*-2*1. Suppose -f*i - 241 = -4*z, -3*z - 4*i = -51 - 111. List the prime factors of z.
2, 29
Suppose -55 = i - 75. Suppose -5*y + 2*k = -5, 2*y - 22 = -2*y - 2*k. Suppose -y*w + w = -i. List the prime factors of w.
2, 5
Let o = 9 + -5. Let i be 1/(-1)*(o + -7). Suppose i*u + u - 86 = -2*v, -2*v = -6. What are the prime factors of u?
2, 5
Suppose 0*o + 8 = -2*o. Let r be 14/o*2 - -3. What are the prime factors of (r - -1)*-3 - -2?
11
Let v = -934 + 1579. What are the prime factors of v?
3, 5, 43
Suppose 5*a = 3*m + 1971, 2*a + a - 5*m - 1173 = 0. What are the prime factors of a?
2, 3, 11
Suppose -27*x + 8*x + 8246 = 0. Suppose 2*o - x = 3*u, 0 = 5*u - 12 - 8. What are the prime factors of o?
223
Suppose -15 = 3*n, -5 - 9 = -y - 3*n. Let w = 49 - y. What are the prime factors of w?
2, 5
Let h(z) = -z**2 - 2*z + 5. Let j(r) = -r - 6. Let p be j(-3). Let i be h(p). Let x = 45 + i. What are the prime factors of x?
47
Suppose -22 = 3*j + 5*v, -2*j = -0*j + 5*v + 18. List the prime factors of (-1)/4*j - -170.
3, 19
Suppose 0*g - 5*g = -4*y + 17581, -3*g + 8807 = 2*y. What are the prime factors of y?
53, 83
Suppose -2*p = -3*p + 3. What are the prime factors of p - 1 - (-8 - -7)?
3
Suppose 5*g - 828 = -28. Suppose 0 = -5*q - 2*h + 585, 3*q + 4*h = 191 + g. List the prime factors of q.
3, 13
List the prime factors of (-29)/(-203) + 90365/35.
2, 1291
Let n = 1507 + -540. List the prime factors of n.
967
Let k(h) be the third derivative of -h**4/4 - h**3/2 - 6*h**2. What are the prime factors of k(-18)?
3, 5, 7
Suppose 21*h - 29 = 20*h. Let n = 21 + h. What are the prime factors of n?
2, 5
Let w(a) = -a**3 - 8*a**2 - 23*a - 13. List the prime factors of w(-8).
3, 19
Let f = -256 + 1035. What are the prime factors of f?
19, 41
What are the prime factors of 1*(-532)/3*(-243)/54?
2, 3, 7, 19
Let n be 2/(-17) + (-8198)/(-34). Let o = n + 22. What are the prime factors of o?
263
Let p(v) = -74*v - 3. Suppose -2*f + 8 = j - 1, -2*j + 13 = 3*f. What are the prime factors of p(j)?
71
Let r be 1/2 - (-2)/4. Let d(t) = -9 + t + 18*t + 10. What are the prime factors of d(r)?
2, 5
Suppose -2*m = m - 6. Let f(p) = p**3 + p**2. Let z be f(m). Suppose -5*q = 2 - z. What are the prime factors of q?
2
Let s = 6 + -1. What are the prime factors of -1 - -66*(s + -3)?
131
Suppose -a - 42 = 5*t, 2*a - 12 = -2*a. Suppose 0 = 2*c + 53 - 19. Let z = t - c. List the prime factors of z.
2
Let k = -1 + -1. Let q(f) be the second derivative of f**4/6 - 2*f**3/3 - 2*f**2 - 4*f. What are the prime factors of q(k)?
2, 3
Let b(n) = n**3 + 22*n**2 + 87*n - 6. List the prime factors of b(-10).
2, 3
Suppose -712*c + 721*c - 10440 = 0. List the prime factors of c.
2, 5, 29
Let o = 3068 - 1627. What are the prime factors of o?
11, 131
Let y = 99 + -87. List the prime factors of y.
2, 3
Suppose 12 = -2*m + 44. Suppose -2*j - 2*j = -m. Suppose -12 = -j*y + 36. What are the prime factors of y?
2, 3
Suppose 0 = 2*z + 4*k - 772, 4*k + 20 = -0. Suppose 0 = -5*c - 96 + z. List the prime factors of c.
2, 3, 5
Suppose -3*i + 10*i = 9653. List the prime factors of i.
7, 197
Suppose 4*p - 7*p + p = 0. Suppose 11*n - 247 - 83 = p. What are the prime factors of n?
2, 3, 5
Let c(i) be the first derivative of i**2/2 + 2*i + 1. Let d be c(-2). Suppose z = -d*n + 3*n - 130, -n - z = -42. List the prime factors of n.
43
Let w(z) = 2*z**3 - 2*z + 1. Let t be w(-2). Let v(y) = 2 - y - 3 + 7. List the prime factors of v(t).
17
Suppose -2*m = -3*d - 23, -5*m + 2*d - 13 = -43. Let h be 18/m + 2/4. Suppose h*i - 184 = i. What are the prime factors of i?
2, 23
Let v(b) = 3*b**2 - 42*b + 60. List the prime factors of v(18).
2, 3, 23
What are the prime factors of (68 - 56)/(2/82)?
2, 3, 41
Let x be -4 - -4*183/6. Suppose 62 + x = 4*q. What are the prime factors of (18/q)/(1/105)?
2, 3, 7
Suppose -2*c - 176 = -6*c. Suppose 216 = 4*w - c. What are the prime factors of w?
5, 13
Let j(h) = 2*h + 6. Let p be j(-6). Let a be 4/p + 32/12. Suppose 74 = a*f + 18. List the prime factors of f.
2, 7
Let a = 1474 - 722. List the prime factors of a.
2, 47
Let z(k) = -k**2 + k + 252. What are the prime factors of z(0)?
2, 3, 7
Let y be 1/((-2)/(-90)*3). Let s be (-6)/(-45) + 2593/y. Let m = s - 123. What are the prime factors of m?
2, 5
Let t(k) = 13*k**3 + 10*k**2 - 14*k + 16. List the prime factors of t(6).
2, 5, 31
Let o = -9 - -15. Let r be (-43)/(o - 3 - 4). Suppose 2*f - b = 23, -3*b + r - 4 = 3*f. What are the prime factors of f?
2, 3
Suppose 2*w - 540 = 7*w. Let d = -51 - w. What are the prime factors of d?
3, 19
Suppose -642 = -0*k - 3*k. Suppose 97 = -5*q - t + 655, -k = -2*q - 5*t. What are the prime factors of q?
2, 7
Suppose 0 = -5*j + 6*j - 2. Suppose -4*u + 12 = j*h - 14, 20 = 5*u. What are the prime factors of h?
5
Suppose -2*h - 34 = -5*n - 1, 2*n - 4*h = 26. Let t = n - 11. Let y(o) = -o**3 - 6*o**2 - 4*o - 6. What are the prime factors of y(t)?
2, 3
Let i be (0/(-12))/(2 + 1). Suppose -4*b + 5*a + 174 = 0, 2*b - 4*a - 1 - 89 = i. List the prime factors of b.
41
List the prime factors of 3/(24/32)*1*17.
2, 17
Let q = 228 + 4. List the prime factors of q.
2, 29
Suppose -2*z + z + 204 = 0. Suppose -100*x - z = -106*x. What are the prime factors of x?
2, 17
Suppose 1144 = 5*s - 4*s - 3*n, 2*n = -2*s + 2328. What are the prime factors of s?
19, 61
Let k(w) = 7*w - 3. Suppose -45 - 11 = 4*q. Let d = 22 + q. What are the prime factors of k(d)?
53
Suppose -2254 = -3*s - 688. List the prime factors of s.
2, 3, 29
Let m(x) = 93*x**2 + 29*x + 181. List the prime factors of m(-5).
3, 787
Let z = -17 - -17. Suppose 3*s + 3*l + 22 = l, -4*l + 16 = z. Let g(x) = x**3 + 10*x**2 - 5*x - 6. List the prime factors of g(s).
2, 11
Let c(a) = a**3 - 7*a**2 + 6*a + 2. Let p be c(6). Let r be 3/(-18)*p*-33. Let o = 19 + r. List the prime factors of o.
2, 3, 5
Suppose -470 = -5*v + 1775. What are the prime factors of v?
449
What are the prime factors of 222 + 5 + 4/8*-2?
2, 113
What are the prime factors of (55022/77)/(4/28)?
2, 41, 61
Let h(k) = 4*k**2 + 7*k + 92. What are the prime factors of h(13)?
859
Let z(y) = y**2 + 2*y - 12. Let l = -21 - -16. Let u be z(l). Suppose -b = p - 51, -5*p = -u*b - 57 - 230. What are the prime factors of p?
5, 11
Let p = -751 + 1200. What are the prime factors of p?
449
Let n be 99/(-24) + 5/40. Let y(k) = 31*k. Let h be y(2). List the prime factors of h*n/16*-2.
31
Suppose 0 = -c - 5, -3*l + 5*l = 3*c + 41. Suppose -3*x + 47 = -l. Suppose -3*v + f + x + 21 = 0, -3*v + 37 = -5*f. What are the prime factors of v?
2, 7
Let i = -2883 - -6803. List the prime factors of i.
2, 5, 7
Suppose 0 = -3*a + 139 + 128. Let z = a - 64. List the prime factors of z.
5
Let i be (-80)/12*(-72)/(-8). List the prime factors of ((-144)/i)/((-1)/(-60)).
2, 3
List the prime factors of 1*(237 + 5 + 9).
251
Let o = -35 - -39. Suppose o*y + 46 + 36 = j, -4*y + 176 = 2*j. What are the prime factors of j?
2, 43
Let v = 34 + -32. Suppose -2*p = v*p - 16. List the prime factors of p.
2
Suppose n - 4*n - 5*p = -14220, 2*n - 5*p = 9455. What are the prime factors of n?
5, 947
Suppose 19*c = 21*c + 28. Let b(v) = -13*v + 36. What are the prime factors of b(c)?
2, 109
Let o = -1 - -4. Suppose -7*t + 144 = -o*t. What are the prime factors of t?
2, 3
Suppose 48 = 4*k + 3*s, -s - 3 - 2 = -k. Let z be (2*-17)/((-6)/k). List the prime factors of z/9 - 2/3.
5
Let d(v) = 10*v + 1. Let s be d(1). Let o(n) = n**3 + 0*n - 25 + 34 - 10*n**2 - 7*n - 2*n. List the prime factors of o(s).
31
What are the prime factors of (6/(-8))/(((-56)/(-5120))/(-7))?
2, 3, 5
Suppose 60 = 5*m - 4*m. Suppose m = -2*d + 4*d. Suppose -3*w = 4*u - w - d, -u = 3*w - 5. List the prime factors of u.
2
What are the prime factors of (14 + 2)*((-24)/(-3) + 6)?
2, 7
Let x(c) = c - 3 + 7*c + 4 - 3. Suppose 15 + 8 = 4*h - 3*u, -3*h + 2*u + 17 = 0. What are the prime factors of x(h)?
2, 19
Let g(m) = 8*m**2 + 52*m - 44. What are the prime factors of g(11)?
2, 11, 17
Let j be (2/(-3))/(5/(-60)). Let x be (-7)/((-14)/j)*1. Suppose 36 = x*a - 2*a. What are the prime factors of a?
2, 3
Let p be ((-54)/(-12))/(2/12). Let j = 